{"id":439,"date":"2025-03-26T17:13:15","date_gmt":"2025-03-26T15:13:15","guid":{"rendered":"https:\/\/kaaru.fi\/?page_id=439"},"modified":"2025-03-26T18:38:56","modified_gmt":"2025-03-26T16:38:56","slug":"soutu","status":"publish","type":"page","link":"https:\/\/kaaru.fi\/?page_id=439","title":{"rendered":"Soutu"},"content":{"rendered":"<p><a href=\"https:\/\/kaaru.fi\/?page_id=188\">Etusivu<\/a> \u00b7 <a href=\"https:\/\/kaaru.fi\/?page_id=446\">Soutukeskus<\/a> \u00b7 J\u00e4sen info \u00b7 Hallitus \u00b7 <a href=\"https:\/\/kaaru.fi\/?page_id=457\">Yhteystiedot<\/a><\/p>\n<div style=\"font-size: 16px; font-weight: bold;\">Soutujaoksen hallituksen j\u00e4senet 2025<\/div>\n<p>Marja-Liisa Tuominen (Puheenjohtaja)<br \/>\nHannu Hirsim\u00e4ki<br \/>\nHannu Leminen<br \/>\nIlkka Virtanen<br \/>\nAri Leino<br \/>\nMarkus Rantanen<\/p>\n<div style=\"font-size: 16px; font-weight: bold;\">Sihteeri<\/div>\n<p>Pirjo K\u00e4rki<\/p>\n<p>&nbsp;<\/p>\n","protected":false},"excerpt":{"rendered":"<p>Etusivu \u00b7 Soutukeskus \u00b7 J\u00e4sen info \u00b7 Hallitus \u00b7 Yhteystiedot Soutujaoksen hallituksen j\u00e4senet 2025 Marja-Liisa Tuominen (Puheenjohtaja) Hannu Hirsim\u00e4ki Hannu Leminen Ilkka Virtanen Ari Leino Markus Rantanen Sihteeri Pirjo K\u00e4rki &nbsp;<\/p>\n","protected":false},"author":8,"featured_media":0,"parent":188,"menu_order":0,"comment_status":"closed","ping_status":"closed","template":"","meta":{"footnotes":""},"_links":{"self":[{"href":"https:\/\/kaaru.fi\/index.php?rest_route=\/wp\/v2\/pages\/439"}],"collection":[{"href":"https:\/\/kaaru.fi\/index.php?rest_route=\/wp\/v2\/pages"}],"about":[{"href":"https:\/\/kaaru.fi\/index.php?rest_route=\/wp\/v2\/types\/page"}],"author":[{"embeddable":true,"href":"https:\/\/kaaru.fi\/index.php?rest_route=\/wp\/v2\/users\/8"}],"replies":[{"embeddable":true,"href":"https:\/\/kaaru.fi\/index.php?rest_route=%2Fwp%2Fv2%2Fcomments&post=439"}],"version-history":[{"count":8,"href":"https:\/\/kaaru.fi\/index.php?rest_route=\/wp\/v2\/pages\/439\/revisions"}],"predecessor-version":[{"id":462,"href":"https:\/\/kaaru.fi\/index.php?rest_route=\/wp\/v2\/pages\/439\/revisions\/462"}],"up":[{"embeddable":true,"href":"https:\/\/kaaru.fi\/index.php?rest_route=\/wp\/v2\/pages\/188"}],"wp:attachment":[{"href":"https:\/\/kaaru.fi\/index.php?rest_route=%2Fwp%2Fv2%2Fmedia&parent=439"}],"curies":[{"name":"wp","href":"https:\/\/api.w.org\/{rel}","templated":true}]}}

<p><a href="https://kaaru.fi/?page_id=188">Etusivu</a> · <a href="https://kaaru.fi/?page_id=446">Soutukeskus</a> · Jäsen info · Hallitus · <a href="https://kaaru.fi/?page_id=457">Yhteystiedot</a></p>
<div style="font-size: 16px; font-weight: bold;">Soutujaoksen hallituksen jäsenet 2025</div>
<p>Marja-Liisa Tuominen (Puheenjohtaja)<br />
Hannu Hirsimäki<br />
Hannu Leminen<br />
Ilkka Virtanen<br />
Ari Leino<br />
Markus Rantanen</p>
<div style="font-size: 16px; font-weight: bold;">Sihteeri</div>
<p>Pirjo Kärki</p>
<p>&nbsp;</p>

<p>Etusivu · Soutukeskus · Jäsen info · Hallitus · Yhteystiedot Soutujaoksen hallituksen jäsenet 2025 Marja-Liisa Tuominen (Puheenjohtaja) Hannu Hirsimäki Hannu Leminen Ilkka Virtanen Ari Leino Markus Rantanen Sihteeri Pirjo Kärki &nbsp;</p>
